it of (t - 0) + (-275)/(-11)?
5
Suppose -2*g + 2*m = 4*m - 10, -3*m = -5*g + 33. Suppose -2*c = -g*c + 44. What is the tens digit of c?
1
Suppose 14*d = 13*d + 120. What is the hundreds digit of d?
1
What is the tens digit of 201/(((-168)/(-16))/7)?
3
Suppose -2*k - 5 = 3*k, 2*u - 12 = 4*k. Suppose -75 = -5*w - u*r, 2*w = -r - 0*r + 27. What is the units digit of w?
1
Suppose 0*g - 30 = -6*g. Suppose 0 = g*n + 5*t - 1025, 3*n - 420 = n + 3*t. What is the hundreds digit of n?
2
Let g = 5 - -25. Suppose -g = 50*t - 52*t. What is the tens digit of t?
1
Let z = 221 + -145. Let l = z - 5. Suppose 2*v - 17 = l. What is the tens digit of v?
4
Let i be (-5 + 10/2)*(1 - 2). Let v(g) = g**3 + 2*g**2 + 107. What is the hundreds digit of v(i)?
1
Suppose 27*f - 8294 = 9364. What is the hundreds digit of f?
6
Let h(p) = 820*p**3 - p**2 - 3*p + 4. What is the units digit of h(1)?
0
Suppose z = 2*z - 182. Let v = -597 - -582. What is the tens digit of v/45 - z/(-6)?
3
Let p = 144 + -112. What is the units digit of p?
2
Suppose -30*o + 18115 = -2675. What is the tens digit of o?
9
What is the units digit of 2605/1 + (-20 - -5) + 10?
0
Let p = 31 + -7. Suppose 6*l - 60 + p = 0. What is the units digit of l?
6
Let k = -131 + 128. What is the tens digit of (-2)/2 + (k - -2) + 93?
9
Let h(u) = u. Let b be h(4). Suppose 2 = -2*y - 4*o, 0*y + 24 = b*y + o. What is the units digit of y?
7
Suppose -19*k + 3*m + 8588 = -15*k, 0 = k + 5*m - 2147. What is the thousands digit of k?
2
Suppose -4*z - 12 = 0, -j = -0*j + 5*z + 19. Let k be 121/44 - 1/j. Suppose 4 + 11 = -5*q, -4*f + k*q + 129 = 0. What is the units digit of f?
0
Suppose -2*b + d = -891, -2*b + 3*b - 456 = -3*d. What is the hundreds digit of b?
4
Suppose -333 = -3*v + 276. What is the tens digit of v?
0
Let l(j) = j. Let i be l(-14). Let c(p) = -p**2 - 9*p + 12. Let f be c(i). What is the units digit of (5 - 6)/(1/f)?
8
Let g be 3 + -2 + 4*1. Suppose s = g*s. Suppose 5*q = 5*y - 90, 3*y + s*q - 50 = q. What is the units digit of y?
6
Let g(p) = -11*p + 12. Let z be g(-7). Suppose 2*n - 5*o - z = -0*o, -2*n - 4*o + 116 = 0. What is the units digit of n?
2
Suppose -5*n + 4*v - 20 = 0, 26 = n + 4*v + 6. Suppose n = 3*j + 4*q - 664, 5*j + 479 = 3*q + 1576. What is the units digit of j?
0
Let u be (-78)/(-8) - 3/(-12). Let z(m) = -m**3 + 11*m**2 - 9*m - 7. Let p be z(u). Suppose p*d = -4*c + 11, -3*c + 4 = -2. What is the units digit of d?
1
Suppose -4*t + 90 = -t. Suppose -l - 4*b = -t, -5*l = -5*b - 34 - 166. What is the units digit of l?
8
Suppose -12*x + 114*x = 461550. What is the units digit of x?
5
Let q = -126 + 162. What is the tens digit of q?
3
Suppose 3*v = -4*z + 2626, 0*z - 3*z + 4395 = 5*v. What is the hundreds digit of v?
8
Let j(w) be the third derivative of w**6/24 - w**5/30 - w**4/8 + w**3/3 + 12*w**2. What is the units digit of j(2)?
8
Let l be (-2 + 1 - 3) + 48. Let m = l - 31. Let i = m + -6. What is the units digit of i?
7
Suppose 10*i - 6*i - 80 = 0. Let x be (-16)/i + (-48)/(-10). Suppose 0 = x*y - w - 330 + 72, 0 = -4*y + 5*w + 266. What is the units digit of y?
4
Let q(l) = -l**3 - l**2 + 1. Let j be q(1). Let k(u) = -28*u + 5 - 2 - 5. What is the tens digit of k(j)?
2
Suppose -36 = 3*k + 24. Let n be (2 - -4)*13/2. Let v = k + n. What is the units digit of v?
9
Suppose -3*l = 2*b - 536, l = 5*l + 3*b - 715. What is the hundreds digit of l?
1
Let w(j) be the first derivative of 8*j**2 - 2*j + 49. Suppose 0 = -b - 1 + 3. What is the tens digit of w(b)?
3
Suppose 2*p = -5*a + 9099, -10*p = 2*a - 12*p - 3648. What is the tens digit of a?
2
Suppose 2185 = 8*j - 5*j + 4*t, 2*t = 8. What is the units digit of j?
3
Let g = -12 + 6. Let j = g - -64. What is the units digit of j?
8
Suppose 2*u + 16 = 4*f, 0 = -3*u - f - 0*f - 3. Let w be (10/(-4) - u)*0. Suppose 2*z - 12 = -w*z. What is the units digit of z?
6
Let a(k) = k + 9. Suppose -4*h + 123 = 3*s, -h + 141 = 3*h - 3*s. Suppose 4*l = t - 12, 2*l + h = -t - 3*l. What is the units digit of a(t)?
1
Let h be ((-21)/(-6))/(2/172). Let v = -141 + h. Suppose 5*q - q = v. What is the units digit of q?
0
Suppose -64 = 3*w + 215. Let g be w/7 - (-4)/14. Let n = -11 - g. What is the units digit of n?
2
What is the hundreds digit of (-498)/8*(128/24 + -8)?
1
Let l(r) = -187*r - 7. Let q be l(-3). Let i = -350 + q. What is the hundreds digit of i?
2
Let s(c) = c**3 - 9*c**2 + 15*c + 13. Let q be s(7). Let m = 279 - q. What is the units digit of m?
9
Let j be (2/4)/((-14)/(-56)). Let m(n) = 0 - j + 12*n - 8. What is the units digit of m(3)?
6
Let a(l) = -23*l + 3. Let d = -31 - -29. What is the tens digit of a(d)?
4
Let c(g) = -7*g + 1. Let r be c(1). Let o(h) = -7*h - 7. Let v be o(r). Suppose -d + v - 13 = 0. What is the units digit of d?
2
Let o(r) = 3*r + 29. Let w(h) = -4*h - 44. Let b(s) = -7*o(s) - 5*w(s). What is the units digit of b(8)?
9
Let j(a) = a + 18. Suppose -37 = -4*h + n - 2*n, 0 = -2*h + 2*n + 6. What is the tens digit of j(h)?
2
Let o(x) = 6*x - 8. Let h(f) = -4*f + 6. Let c(i) = 8*h(i) + 5*o(i). Suppose 26 = -2*d + 3*v, -5*d - 4*v = -4*d - 9. What is the units digit of c(d)?
2
Let z = 24 + -21. What is the units digit of -2 + z/3 - -60?
9
Suppose -4*u + 4*t + 1261 = 277, -3*t - 238 = -u. Suppose 3*o + u = d, 2*d - o = -174 + 659. What is the units digit of d?
1
Let b(g) = -8*g**3 + g**2 - g + 3. Let v = 18 + -20. What is the tens digit of b(v)?
7
Let t = 491 + -849. Let x = t + 527. What is the units digit of x?
9
Suppose -5*y + 8844 = 3*l - 0*l, 4*y - 7080 = -4*l. What is the hundreds digit of y?
7
Let n = -249 - -324. What is the tens digit of n?
7
Let i = -2 + 6. What is the tens digit of i/(16/10)*8?
2
Let a = 12 + -21. Let j = 3 + a. Let f = 34 + j. What is the units digit of f?
8
Suppose 9*z = 414 + 3366. What is the hundreds digit of z?
4
Suppose 2*t = -4*r - 4, -5*r = 3*t + 2*t - 5. Suppose 0*w + 80 = t*w. Let g = w + -14. What is the units digit of g?
6
Let j(a) = 5*a**2 - a + 1. Let l be j(1). Suppose -2*u - 3*k + 3 = -4, 0 = l*u - 4*k - 6. Suppose 8 = -u*b + 30. What is the units digit of b?
1
Let g(m) = 16*m**3 - 2*m**2 - 2*m + 2. Let j be g(2). Suppose 0*n - 5*u + 249 = 4*n, -5*n - 4*u = -318. Let k = j - n. What is the units digit of k?
2
Suppose -115 - 35 = -5*a. Suppose 0 = -3*r - 0*r + a. Suppose 20 = 5*v - r. What is the units digit of v?
6
Suppose -3*h - 4 = -5*h. Suppose -s + 53 = -h*i + 1, 4*s = -i + 163. What is the tens digit of s?
4
Suppose 0*m + 3*w + 132 = 3*m, -w + 46 = m. Suppose 5*r + 29 = 3*s - 4, 5*s - 5*r = m. Suppose 3*z + 42 = s*z. What is the tens digit of z?
1
Let h be (24/(-30))/(4/(-10)). Suppose v + 2*t + 5 = -h*t, 2*t = -5*v + 65. Suppose -v = 5*a, 2*a + 206 = q + 3*q. What is the units digit of q?
0
Let f(j) = j**3 - 6*j**2 - 6*j - 10. Let m be f(7). Let q be (-1312)/(-12) - (-4)/m. Suppose -9*c + q = -5*c. What is the tens digit of c?
2
Let r be 4 + (-1)/(1/89). Let i = r - -165. What is the tens digit of i?
8
Let n = 453 + -75. What is the tens digit of n?
7
Let w = 476 + 641. What is the thousands digit of w?
1
Let c(s) = 16*s - 2. Let b be c(2). Let v(y) = y**2 + 19*y + 33. Let d be v(-18). Suppose 3*x = d + b. What is the tens digit of x?
1
Let o(g) = -g**2 + 30*g - 6. What is the tens digit of o(14)?
1
Suppose 4*p - 7*p - 487 = -5*t, -p = -3*t + 293. Suppose c - 3*y = 2*c - t, -5*y = c - 100. What is the tens digit of c?
9
Let t be (-1)/((-1)/(-24)*-2). Suppose -7*b + t*b - 365 = 0. Suppose -b = -4*u + 3*u. What is the units digit of u?
3
Suppose -22*p = -4*y - 18*p + 9708, 7275 = 3*y + 3*p. What is the hundreds digit of y?
4
Let v = -78 + 632. What is the tens digit of v?
5
Let l(f) = 34*f**2 + 31*f**2 - 64*f**2 + f. What is the units digit of l(-5)?
0
What is the units digit of (-2735431)/(-1079) - 4/26?
5
Let q(y) = 2*y**2 + 3*y. Let o be q(2). What is the tens digit of (o/(-6))/((-1)/6)?
1
Suppose -6*l + 2*l + 40 = 0. Let j(n) be the third derivative of n**4/24 - 7*n**3/6 + 3*n**2. What is the units digit of j(l)?
3
Let o = 83 - 80. What is the units digit of o/(9/267) + 2?
1
Suppose 113 = -7*t + 15. Let y(s) be the first derivative of -s**3/3 - 13*s**2/2 + 20*s - 1. What is the units digit of y(t)?
6
Let i = 15 - 10. Suppose n = -4*x - 4*n + 50, 42 = i*x - 4*n. Suppose o - 10 = 